(-12)/10)/(1/(-10)) is divided by (2/(-5) + 135/25)/1?
2
Let u = 7 + 21. What is the remainder when 54 is divided by u?
26
Suppose r + r + 89 = 3*u, 2*r = 2*u - 92. Let b = r - -70. Suppose 5*c - 25 = 30. What is the remainder when b is divided by c?
10
Let c be (1 - 1)/(6/3). Let m = c - -50. Calculate the remainder when m is divided by 17.
16
Let x(b) = b + 19. Let s be x(-15). Let r = -4 - -6. Suppose -u - 228 = -5*u + s*k, -238 = -4*u + r*k. Calculate the remainder when u is divided by 16.
14
Suppose 0*v = -5*v. Suppose -2*f = v, -3*i - 2 = -4*i - 2*f. Suppose -i*z - 17 = -3*z. What is the remainder when z is divided by 6?
5
Suppose 60 = 4*m + 8. What is the remainder when 49 is divided by m?
10
Suppose -6 = -5*k + 4. Let t be 34/(-6) + (-2)/6. Calculate the remainder when 27 is divided by (t/k)/(6/(-28)).
13
Suppose -5*l + 48 = 2*y, 24 = -l + 3*l + 2*y. What is the remainder when 21 is divided by l?
5
Let x be 6/5*175/14. Suppose 4*w - x - 1 = 0. Suppose 2*b - 6*b + 4*c + 60 = 0, -c + 65 = w*b. Calculate the remainder when b is divided by 6.
4
Let r = 8 + -6. Let x(o) = -15 + r*o**2 + 6*o + 4*o + 6 - 2*o. Calculate the remainder when x(-7) is divided by 18.
15
Let p(n) = 2*n + 0 + 4 + 2*n - n**3. Let d be p(-3). Let x = d - 7. Calculate the remainder when x is divided by 7.
5
Suppose 0 = -4*v - 27 + 123. Let t = v - 10. Calculate the remainder when 26 is divided by t.
12
Suppose -5*s = -3*b - 94, s - 16 = 5*b + 16. Let d be (6/(-4))/(3/(-4)). What is the remainder when 4/2 - (-45 - d) is divided by s?
15
Let j(b) = -b**3 + 4. Let t be j(-3). Suppose -4*g = -37 - t. What is the remainder when 31 is divided by g?
14
Let k = 4 - 2. Suppose -4*v + 14 = -k*v. What is the remainder when 12 is divided by v?
5
Let z be 2*3/(-12)*-12. Let b(l) = l**2 - 4*l + 3. Calculate the remainder when 43 is divided by b(z).
13
Suppose i + 44 = 3*i. Calculate the remainder when i is divided by 13.
9
Let j be ((-6)/3 - -2)/2. Suppose 7*f - 11*f + 24 = j. What is the remainder when 11 is divided by f?
5
Let y(r) = r**3 - 4*r**2 - 5*r + 5. Let n be y(5). Let i = 6 - n. Let w(h) = 14*h + 1. Calculate the remainder when 44 is divided by w(i).
14
Calculate the remainder when 55 + (-3)/(9/3) is divided by 28.
26
Let j = -10 + 12. Suppose 60 = -j*w + 5*w. What is the remainder when 79 is divided by w?
19
Suppose 5*i + q = -30, 0 = -2*i - 4*q + q - 25. Let p(w) = -9*w + 2. Let m be p(1). Let j = i - m. Calculate the remainder when j is divided by 1.
0
Let c be (2 + (-2)/1)/2. Suppose c*w + 32 = 2*w. What is the remainder when w is divided by 2/6 - (-52)/6?
7
Let i(y) = 5*y + 18. What is the remainder when i(11) is divided by 25?
23
Suppose l - 20 = -1. What is the remainder when (392/(-3))/(-7)*3 is divided by l?
18
Suppose 50 = -5*j - 5*i + 125, 4*j - 2*i - 30 = 0. Suppose a - j = -a. Calculate the remainder when a is divided by 2.
1
Let y be (-310)/18 + (-24)/(-108). Let h = y - -26. What is the remainder when 17 is divided by h?
8
Let p = 5 - 7. Let n = p - -14. Calculate the remainder when 22 is divided by n.
10
Suppose 2 = -r - 0*r. Calculate the remainder when 40 is divided by r + (-60 - 4)/(-4).
12
Let p(v) = -2*v - 8. Calculate the remainder when p(-7) is divided by 2/(-4)*48/(-8).
0
Suppose -h - 4*a + 77 = 0, h + 3*h - 203 = 5*a. What is the remainder when h is divided by 10?
7
Let s(d) = d - 4. Let a be s(5). Let l(t) be the first derivative of 4*t**2 + t + 1. Calculate the remainder when 16 is divided by l(a).
7
Let j = -28 + 30. What is the remainder when 6 is divided by j?
0
Suppose -a + 3*k + 6 = k, -a - 4*k = 0. Calculate the remainder when 15 is divided by a.
3
Let f = -54 - -111. Let q = -199 + f. Let a = -85 - q. Calculate the remainder when a is divided by 15.
12
Let k = -1 - -3. Suppose -14 + k = 3*x, -72 = -b + 3*x. Suppose 2*p + p - b = 0. Calculate the remainder when p is divided by 7.
6
Let t(w) = -3*w + 17. Suppose 3*l - 2*l - 12 = 0. Suppose 3*b = -b + l. What is the remainder when b is divided by t(5)?
1
Let k = 47 + -22. What is the remainder when 48 is divided by k?
23
Let x = 50 - 33. Let s be (-9)/6 + (-2)/(-4). Calculate the remainder when -2 - s - (-51)/1 is divided by x.
16
Let y(p) = -p**2 + 22*p + 25. Calculate the remainder when y(20) is divided by 23.
19
Let v(n) = -n**3 + 4*n**2 + n - 1. Suppose 0 = 4*h - 3 - 77. Calculate the remainder when h is divided by v(3).
9
Let j(i) = 15*i**2 - 6*i + 5. What is the remainder when 33 is divided by j(1)?
5
Calculate the remainder when 8 is divided by (78/8 - 5) + 1/4.
3
Let v = 120 + -75. What is the remainder when v is divided by 16?
13
Let u be ((-17)/2)/(13/26). What is the remainder when (-3)/(3 - (-54)/u) is divided by 11?
6
Let w be 40/(-15)*3/(-2). Suppose -114 = q - w*q + 5*a, 3*q - 87 = -4*a. Calculate the remainder when q is divided by 18.
15
Let g(h) = 4*h**2 - 2*h. Let v be g(-3). Suppose 3*c - 2*c = 4*b + 35, -2*c = -b - v. Calculate the remainder when c is divided by 10.
9
Let r = -470 - -335. Calculate the remainder when r/(-10)*(-2)/(-3) is divided by 5.
4
Calculate the remainder when (-1114)/(-26) + (-36)/(-234) is divided by 23.
20
Let j(q) = q**2 - 1. Let b(f) = -f**3 - 3*f**2 + 3. Let v be b(-3). Calculate the remainder when j(6) is divided by (-105)/(-9) + 1/v.
11
Let h(v) = 18 + 5*v - 3*v - 3*v. What is the remainder when 18 is divided by h(13)?
3
Calculate the remainder when (77 - 0) + (-3 - -5) is divided by 16.
15
Suppose 4*g - 20 = -3*t + 36, 5*t - 3*g - 103 = 0. What is the remainder when 57 is divided by t?
17
Calculate the remainder when 11 is divided by -3*6*(-6)/27.
3
Let x(p) = p**3 + 5*p**2 - p - 5. Suppose -3*g + 4*y - 8 = 0, 4*g - 6*y + 14 = -4*y. What is the remainder when 44 is divided by x(g)?
14
Suppose -5*f - 5*o - 13 = -3*f, 2*f + 2*o + 4 = 0. Calculate the remainder when 98/f*2/4 is divided by ((-20)/(-6) + -3)/((-2)/(-78)).
10
What is the remainder when 7223/217 - (-1 - 9/(-7)) is divided by 4?
1
Let c be 4/(-18) - 34/9. Let g = -10 - -29. Calculate the remainder when g is divided by c/(-1 - 6/(-10)).
9
Let m be 4/3*(-9)/(-6). Calculate the remainder when m/(3*2/33) is divided by 7.
4
Calculate the remainder when (-6)/(-9) - (-57)/9 is divided by 3.
1
Suppose -4*u = 4*f - 16, -u = f - 2*u. Calculate the remainder when 7 is divided by f.
1
Let k be (-9)/1 - (-1 - -1). Let u = k - -19. What is the remainder when (2 + -3)*-28 + 0 is divided by u?
8
What is the remainder when (-8)/6 - (-678)/9 is divided by 38?
36
What is the remainder when 53 is divided by (-20)/(-90) + (-250)/(-9)?
25
Suppose q - 22 = -q. What is the remainder when -7*(-1 - (4 - 2)) is divided by q?
10
Suppose 0 = -2*r - 2, -5*c + 0*r + 5*r + 160 = 0. Suppose 2*m = -y + 13, -y = 3*y + m - 66. What is the remainder when c is divided by y?
14
Let j(y) = -y**3 - 5*y**2 - 3*y - 9. Calculate the remainder when 20 is divided by j(-5).
2
Let h(i) = -i**2 + 10. Calculate the remainder when 33 is divided by h(0).
3
Let k be 4/(-14) - (-46)/14. Let u(c) = -c**2 + 6*c + 1. Let y be u(6). Suppose 0 = -k*a + 8 + y. Calculate the remainder when 4 is divided by a.
1
Let j(r) = r**3 - 7*r**2 + 2*r. Calculate the remainder when j(7) is divided by 4.
2
Let v(l) = 8*l + 6. Let a(c) = c. Let r(x) = a(x) - v(x). Calculate the remainder when r(-5) is divided by 15.
14
Suppose -5*h - 65 = 5*k - 10, 2*k + 29 = -3*h. Let c = h - -4. Calculate the remainder when 25 is divided by 6/1 - c/1.
7
Calculate the remainder when (1*8)/(32/304) is divided by 13.
11
Let h(k) = 3*k. Let i be h(1). Suppose 0 = 3*c - 2*l - 3 - 8, -4*c + 3*l = -13. Let o = i + c. Calculate the remainder when o is divided by 6.
4
Suppose j - 47 = 2*l, -1 = -l - 0*l. Calculate the remainder when j is divided by 13.
10
Calculate the remainder when 38 is divided by 3/5 + (-188)/(-20).
8
Let y(t) = -18*t + 7*t + 14*t - 15. What is the remainder when 60 is divided by y(12)?
18
Let t(n) = -n**3 - 2*n**2 - 2*n - 3. Let u(f) = f**2 + f - 1. Let y(g) = t(g) - 4*u(g). Calculate the remainder when y(-5) is divided by -1 - 4/(-2) - -3.
2
Suppose 3*j - r - 38 = 3, 3*r = 3. Calculate the remainder when 41 is divided by j.
13
Let u(z) = 1. Let d(r) = r + 2. Let k(h) = d(h) + 3*u(h). What is the remainder when 27 is divided by k(5)?
7
Let p(m) = m - 4. 